. Let g(l) = -l**3 - 6*l**2 - l - 7. Calculate g(b).
49
Let q be (-6 - (-8 - 3)) + -2*(-2 + 3). Let w(n) = 8*n**2 - 4*n + 13. Give w(q).
73
Suppose 3*r - 2 = 6*r + 2*f, 2 = -r - f. Let i(v) = -10 + 8 - r*v + 6. Suppose 10*b - 9*b - 6 = 0. Give i(b).
-8
Let o be (27/45)/(2/(-10)). Let k(a) = -a**3 - 2469*a - 3*a**2 + 2466*a - 2*a**2. Calculate k(o).
-9
Let v(u) be the second derivative of u**4/6 + 4*u**3/3 - 291*u**2/2 + 205*u. Let h(o) be the first derivative of v(o). What is h(-10)?
-32
Let r(k) = k**2 + 14*k - 10. Let m(j) be the third derivative of -j**5/20 - 5*j**4/12 - j**3 - 164*j**2. Let v be m(-4). What is r(v)?
-10
Let t(y) = 2*y**2 - 1. Let m(n) = n**3 - 4*n**2 + 10*n - 18. Let s be m(3). Suppose -5 - 12 = -4*f + 3*c, 5*f = -s*c + 1. Determine t(f).
7
Let m(i) be the third derivative of i**4/24 + 5*i**3/6 - 265*i**2 + 2*i. Let h(s) = -7*s - 2. Let p be h(2). Let v be (-12)/p - 13/(-4). Give m(v).
9
Let s(x) = 18*x + 11. Let j(h) = -2*h**2 - 64*h + 209. Let u be j(-35). Give s(u).
-7
Let v be (-42)/(-70) - (-684)/10. Suppose z - 5*u = -27, 5*z + 2*u = 15 - v. Let y(p) = -p - 15. Give y(z).
-3
Let h(d) = -2*d - 59. Let s(v) = 18*v + 134. Let f(j) = 3*h(j) + s(j). What is f(7)?
41
Let c(f) be the third derivative of -f**5/60 - f**4/12 + f**3/3 + 1380*f**2. Calculate c(4).
-22
Let h be (-464)/(-78) - (-224)/4368. Let d(w) = 7*w**2 - 39*w - 15. Calculate d(h).
3
Let n(s) be the second derivative of s**6/120 - s**5/60 - s**4/24 - 7*s**3/6 + 80*s**2 - 69*s. Let x(l) be the first derivative of n(l). Calculate x(0).
-7
Let w(t) = 0*t + 2*t + 4 - 1. Let c = 4307 + -2263. Let q = c - 2047. Give w(q).
-3
Let v = -9646 - -9647. Let o(i) = -3 + 2*i - 14*i**3 + 2 + 0*i - i**2. Give o(v).
-14
Let t(x) = 452*x**2 + 461*x**2 - 10*x + 26 - 914*x**2. Give t(-10).
26
Let h be (4/6)/(12/36). Let o(f) = 10*f + 5 - 2*f - 3*f + f**h - f. Give o(-2).
1
Let r(j) = -j**3 - 24*j**2 - 25*j - 31. Suppose 27116*l - 27120*l = 92. Calculate r(l).
15
Let l(a) = 35*a**2 + 2*a + 21. Let o(m) = -40*m**2 - 3*m - 24. Let z(f) = 7*l(f) + 6*o(f). Calculate z(1).
4
Let x = 14 + 34. Let n = x + -45. Let p(v) = v**2 - 7*v + 3. Determine p(n).
-9
Let m(w) be the first derivative of 5/24*w**4 - 1/60*w**5 - 3 - 1/6*w**3 + 3*w**2 + 0*w. Let x(g) be the second derivative of m(g). Determine x(4).
3
Let z = 3 - -1. Let n(c) be the second derivative of 2/3*c**3 - 1/2*c**2 + 0 - 48*c - 1/12*c**4. Determine n(z).
-1
Let i(o) = 5*o**2 - o. Let d be i(1). Let w(h) = h + 9 - 2*h - 3 - d*h. What is w(5)?
-19
Suppose -p + 6*p - q - 38 = 0, -4*q = -p + 19. Let w(c) be the first derivative of -46 - 6*c**2 + p + 7*c**2 + c + 2*c. Give w(5).
13
Let p(w) = -3*w**3 + 12*w**2 + 8*w - 91. Let d(q) = 7*q**3 - 23*q**2 - 17*q + 187. Let b(m) = -2*d(m) - 5*p(m). Determine b(14).
-3
Suppose -12*u + 27 = -33. Suppose n = 4*k - 1, -u*k + n - 16 + 17 = 0. Let r(o) = -o**2 + o. Determine r(k).
0
Let a = 57 + -27. Let r = a - 31. Let v be (r - 26/4) + 24/16. Let y(x) = -x - 3. Calculate y(v).
3
Let c be ((1/(-8) - (-17)/8)*-2)/2. Let s(d) = 3*d**3 + 6*d**2 + 7*d + 1. Give s(c).
-13
Suppose -5*h - 2*f - 2 = -4, 18 = -h - 5*f. Suppose 13 = h*p - x - 8, 9 = 3*p + 3*x. Let i(a) = -3*a + 2. Give i(p).
-22
Let c(p) = -p**2 - 5*p + 130. Let s(u) = 2*u**3 + 5*u**2 - 13*u - 1. Let d be s(2). Calculate c(d).
4
Let d(k) be the third derivative of k**7/840 - k**5/60 + k**4/6 + 13*k**3/6 + 61*k**2. Let z(a) be the first derivative of d(a). What is z(0)?
4
Let s = -27 + 29. Let b(x) = s*x + 2 + x**2 + 4 + 1 + 5*x**3 - 6. Suppose -4*c = -6*z + 2*z + 16, -6 = -2*z. Determine b(c).
-5
Let m(p) = -7*p**3 - 7*p**2 + 4*p + 3. Let w be (-1674)/234 + (-4)/(-26). Let j(c) = -10*c**3 - 10*c**2 + 6*c + 4. Let l(f) = w*m(f) + 5*j(f). Calculate l(-2).
-1
Let v(y) = 5 - 3346*y + 1 + 3 + y**2 - 3*y**2 + 3336*y. Calculate v(-6).
-3
Let q(l) = 2*l + 6. Let t(k) = -6*k + 117. Let f be t(19). Suppose 3*o + f*n = -18, -o - 5 - 1 = -2*n. What is q(o)?
-6
Let f be (12 - (-936)/(-80))/((-108)/(-30)). Let r(g) be the second derivative of f*g**4 + 0 + 2*g + 7/6*g**3 + 3*g**2. What is r(-4)?
-6
Suppose 131 = 2*d + 125. Suppose -5*g + 21 + 258 = 4*i, d*g - 181 = i. Let o = 57 - g. Let w(n) = -10*n - 3. Give w(o).
17
Let o(f) = -72*f + 23. Let n(r) = -41*r + 12. Let q(y) = -7*n(y) + 4*o(y). What is q(3)?
5
Let h(z) = 33*z**3 - 109*z**3 - z**2 + 37*z**3. Determine h(-1).
38
Let i = 3 + -5. Let x(p) = -2440 + 2*p + 0*p - 2440 + 4882 + p**2 - 3*p**2. Determine x(i).
-10
Let g(u) be the first derivative of -3*u**4/4 + 2*u**3 - 2*u**2 + 4*u - 30. Let h(l) = 16*l**3 - 31*l**2 + 20*l - 20. Let y(z) = 11*g(z) + 2*h(z). Give y(5).
-41
Let l(t) = 337*t - 25. Let c(w) = -119*w + 9. Let y(f) = 17*c(f) + 6*l(f). Let x be -3*2/(-3) - 5. Determine y(x).
6
Let j(t) = -t**3 + 9*t**2 + t + 9. Let b be -15 - -10 - (-12 - 0) - -2. Calculate j(b).
18
Let y(b) = 5*b - 71. Let g be y(16). Suppose -42*f = -45*f + g. Let q(k) = 2*k**2 - 3*k - 3. Give q(f).
6
Let o(d) = 2*d + 19. Let m = 4331 - 4339. Calculate o(m).
3
Let z(y) = -2*y + 36. Let x(g) = -1. Let w(t) = t - 14. Let m(k) = w(k) - 2*x(k). Let b(d) = -8*m(d) - 3*z(d). Determine b(-6).
0
Let r = -44 + 46. Let d(x) = 24*x - 15*x - 1 - 12*x - 4*x**r - x**3. Suppose 3*z - j + 11 = 0, 3*z - 3*j = -7*j - 1. Give d(z).
-1
Let d(n) = -n**2 - 9*n + 2. Suppose -5*u + 60 = -3*v, -3*v - 90 + 48 = -2*u. Give d(v).
-8
Let r be (-8 + 9)/((-5)/30) + -4. Let c(y) = -15*y - 158. Give c(r).
-8
Let i(q) = q**3 + q**2 - 5. Let j(c) = 7*c**3 + 3*c**2 - 2*c - 34. Let p(a) = -6*i(a) + j(a). Determine p(3).
-10
Let s = 2020 + -2018. Let q(j) be the second derivative of 0 - 1/2*j**s - 2/3*j**3 - 3*j. What is q(-1)?
3
Let a(v) = 2*v + 24. Let z = 10431 + -10436. Calculate a(z).
14
Suppose 4*x = -2*k + 188, -x + 272 = 3*k - 5*x. Let v(g) = -48 - 50 + k - g**2 + g**3 - 5*g**2. Determine v(6).
-6
Let g(m) = -m**2 + 23*m - 107. Let h be 1*(10 - 3)*(5 - -4)/9. Calculate g(h).
5
Let f(k) = -17*k - 84 - 2*k**2 - 132 + 0*k**2 + 238 - 15*k. Give f(-18).
-50
Let x be 45/(-18)*48/(-20). Let b(d) = 4*d**2 - 3*d**2 + 9*d + d + 4 - x*d. Calculate b(-4).
4
Let i(w) = 4*w**3 + 2*w**2. Let p be i(1). Let d be (-8)/16*(-6 - 0). Let b(s) = 13*s - d*s - 8 + 6*s**3 - s**2 - 5*s**3 - 7*s**2. What is b(p)?
-20
Let u = -167 - -172. Let n(m) = 3*m**3 + 10*m**2 - 11*m + 2. Let p(g) = -g**3 - 5*g**2 + 5*g - 1. Let r(i) = 2*n(i) + 5*p(i). Calculate r(u).
14
Let f(w) = -w + 16. Let o(q) = -4*q**3 + 52*q**2 - 36*q + 457. Let v be o(13). Calculate f(v).
27
Suppose 16*m - 18*m + 4*u + 38 = 0, -4*m + 126 = 2*u. Let z(b) = -2*b**3 + 59*b**2 - 27*b - 54. What is z(m)?
4
Let d(z) = -5*z - 12 + 32 + 4*z - 28. Let u = 32 - 42. Calculate d(u).
2
Let d(x) = 3*x**3 - x**2 + 5. Let f(j) be the first derivative of 7*j**4/4 + j**2/2 + 9*j - 32. Let m(a) = 5*d(a) - 2*f(a). What is m(5)?
-3
Let x(i) = 46*i - 47. Let t(a) = 16*a. Let d(p) = 6*t(p) - 2*x(p). Calculate d(-23).
2
Let z(q) = 48*q - 13*q - 68 - 59 + 121 - 17*q - 14*q. Suppose -4*a + 7*a - 15 = 0. Determine z(a).
14
Let z(j) = -j**3 + 11*j**2 + 8*j + 13. Let g(x) = -2*x**3 - 16*x**2 - 20*x - 148. Let i be g(-8). Determine z(i).
-35
Let x(o) = 3*o**3 + 4*o**2 + 2*o - 2. Let t(d) = -160*d + 6557. Let u be t(41). Calculate x(u).
-53
Let g = 6473 - 6464. Let t(c) = -c**3 + 10*c**2 - 10*c + 21. What is t(g)?
12
Let s(l) be the second derivative of 0 - 4/3*l**3 - 57*l + 3*l**2. What is s(5)?
-34
Let i be (-4)/((-112)/(-427)) + -2 + (-18)/(-8). Let o(w) = w**3 + 16*w**2 + 14*w - 9. Give o(i).
6
Let w(n) = -12 - 3 - n**2 + 16*n - 60 + 66. Determine w(13).
30
Let h = 19 + -32. Let u = h - -8. Let p(r) be the third derivative of -r**4/24 + 126*r**2 - 142*r - 2. What is p(u)?
5
Let h = -60 + 183. Let r = h - 120. Let v(x) = -x + 60 + x**2 - 60 + 4*x**r. What is v(1)?
4
Let h(z) = z**3 + z**2 - z - 9. Let a(s) = -4*s + 12. Let i be a(2). Suppose j = -i*j. Determine h(j).
-9
Let n(c) = 3*c - 8. Let p be (-10 - 0)*(-5)/2*(-8)/(-40). Determine n(p).
7
Let v(u) be the first derivative of -u**2 - 2*u + 4. Suppose -9 = 4*l + 5*p, -13*p = 5*l - 8*p + 15. Calculate v(l).
10
Let i(u) = -64 - 58 - 10*u - 58 + 67 + 112. Suppose -2*o = -0*o - 4. Calculate i(o).
-21
Let r(h) = h**3 + 6*h**2 + 2*h - 1. Suppose 0*k - k = -3*u, 2*u + 2*k = 0. Let b be 